{"id":105,"date":"2021-11-10T20:17:41","date_gmt":"2021-11-10T19:17:41","guid":{"rendered":"https:\/\/shop.lilalom.com\/?page_id=105"},"modified":"2021-11-10T20:17:43","modified_gmt":"2021-11-10T19:17:43","slug":"izdelki-v-akciji","status":"publish","type":"page","link":"https:\/\/orchidleja.com\/index.php\/izdelki-v-akciji\/","title":{"rendered":"Izdelki v akciji"},"content":{"rendered":"<div data-block-name=\"woocommerce\/product-on-sale\" data-rows=\"5\" class=\"wc-block-grid wp-block-product-on-sale wp-block-woocommerce-product-on-sale wc-block-product-on-sale has-3-columns has-multiple-rows\"><ul class=\"wc-block-grid__products\"><li class=\"wc-block-grid__product\">\n\t\t\t\t<a href=\"https:\/\/orchidleja.com\/index.php\/izdelek\/zvezdasti-uhani-s-svetlecimi-listici-in-delci-orhideje\/\" class=\"wc-block-grid__product-link\">\n\t\t\t\t\t<div class=\"wc-block-grid__product-onsale\">\n\t\t\t<span aria-hidden=\"true\">Akcija<\/span>\n\t\t\t<span class=\"screen-reader-text\">Izdelki v akciji<\/span>\n\t\t<\/div>\n\t\t\t\t\t<div class=\"wc-block-grid__product-image\"><img fetchpriority=\"high\" decoding=\"async\" width=\"670\" height=\"670\" src=\"https:\/\/orchidleja.com\/wp-content\/uploads\/2025\/05\/star-klasicni-uhani-orhideje-listici-2-670x670.jpg\" class=\"attachment-woocommerce_thumbnail size-woocommerce_thumbnail\" alt=\"Zvezdasti uhani s svetle\u010dimi listi\u010di in delci orhideje\" srcset=\"https:\/\/orchidleja.com\/wp-content\/uploads\/2025\/05\/star-klasicni-uhani-orhideje-listici-2-670x670.jpg 670w, https:\/\/orchidleja.com\/wp-content\/uploads\/2025\/05\/star-klasicni-uhani-orhideje-listici-2-300x300.jpg 300w, https:\/\/orchidleja.com\/wp-content\/uploads\/2025\/05\/star-klasicni-uhani-orhideje-listici-2-1024x1024.jpg 1024w, https:\/\/orchidleja.com\/wp-content\/uploads\/2025\/05\/star-klasicni-uhani-orhideje-listici-2-150x150.jpg 150w, https:\/\/orchidleja.com\/wp-content\/uploads\/2025\/05\/star-klasicni-uhani-orhideje-listici-2-768x768.jpg 768w, https:\/\/orchidleja.com\/wp-content\/uploads\/2025\/05\/star-klasicni-uhani-orhideje-listici-2-1536x1536.jpg 1536w, https:\/\/orchidleja.com\/wp-content\/uploads\/2025\/05\/star-klasicni-uhani-orhideje-listici-2-130x130.jpg 130w, https:\/\/orchidleja.com\/wp-content\/uploads\/2025\/05\/star-klasicni-uhani-orhideje-listici-2.jpg 2000w\" sizes=\"(max-width: 670px) 100vw, 670px\" \/><\/div>\n\t\t\t\t\t<div class=\"wc-block-grid__product-title\">Zvezdasti uhani s svetle\u010dimi listi\u010di in delci orhideje<\/div>\n\t\t\t\t<\/a>\n\t\t\t\t<div class=\"wc-block-grid__product-price price\"><del aria-hidden=\"true\"><span class=\"woocommerce-Price-amount amount\">14,00&nbsp;<span class=\"woocommerce-Price-currencySymbol\">&euro;<\/span><\/span><\/del> <span class=\"screen-reader-text\">Izvirna cena je bila: 14,00&nbsp;&euro;.<\/span><ins aria-hidden=\"true\"><span class=\"woocommerce-Price-amount amount\">13,00&nbsp;<span class=\"woocommerce-Price-currencySymbol\">&euro;<\/span><\/span><\/ins><span class=\"screen-reader-text\">Trenutna cena je: 13,00&nbsp;&euro;.<\/span><\/div>\n\t\t\t\t\n\t\t\t\t<div class=\"wp-block-button wc-block-grid__product-add-to-cart\"><a href=\"?add-to-cart=13331\" aria-label=\"Dodaj v ko\u0161arico: &ldquo;Zvezdasti uhani s svetle\u010dimi listi\u010di in delci orhideje&rdquo;\" data-quantity=\"1\" data-product_id=\"13331\" data-product_sku=\"UHAN-8\" data-price=\"13\" rel=\"nofollow\" class=\"wp-block-button__link  add_to_cart_button ajax_add_to_cart\">Dodaj v ko\u0161arico<\/a><\/div>\n\t\t\t<\/li><li class=\"wc-block-grid__product\">\n\t\t\t\t<a href=\"https:\/\/orchidleja.com\/index.php\/izdelek\/komplet-nakita-iz-delcev-cvetov-orhideje\/\" class=\"wc-block-grid__product-link\">\n\t\t\t\t\t<div class=\"wc-block-grid__product-onsale\">\n\t\t\t<span aria-hidden=\"true\">Akcija<\/span>\n\t\t\t<span class=\"screen-reader-text\">Izdelki v akciji<\/span>\n\t\t<\/div>\n\t\t\t\t\t<div class=\"wc-block-grid__product-image\"><img decoding=\"async\" width=\"670\" height=\"670\" src=\"https:\/\/orchidleja.com\/wp-content\/uploads\/2025\/03\/komplet-nakita-iz-delcev-cveta-orhideje-4-670x670.jpg\" class=\"attachment-woocommerce_thumbnail size-woocommerce_thumbnail\" alt=\"Komplet nakita iz delcev cvetov orhideje\" srcset=\"https:\/\/orchidleja.com\/wp-content\/uploads\/2025\/03\/komplet-nakita-iz-delcev-cveta-orhideje-4-670x670.jpg 670w, https:\/\/orchidleja.com\/wp-content\/uploads\/2025\/03\/komplet-nakita-iz-delcev-cveta-orhideje-4-300x300.jpg 300w, https:\/\/orchidleja.com\/wp-content\/uploads\/2025\/03\/komplet-nakita-iz-delcev-cveta-orhideje-4-1024x1024.jpg 1024w, https:\/\/orchidleja.com\/wp-content\/uploads\/2025\/03\/komplet-nakita-iz-delcev-cveta-orhideje-4-150x150.jpg 150w, https:\/\/orchidleja.com\/wp-content\/uploads\/2025\/03\/komplet-nakita-iz-delcev-cveta-orhideje-4-768x768.jpg 768w, https:\/\/orchidleja.com\/wp-content\/uploads\/2025\/03\/komplet-nakita-iz-delcev-cveta-orhideje-4-1536x1536.jpg 1536w, https:\/\/orchidleja.com\/wp-content\/uploads\/2025\/03\/komplet-nakita-iz-delcev-cveta-orhideje-4-130x130.jpg 130w, https:\/\/orchidleja.com\/wp-content\/uploads\/2025\/03\/komplet-nakita-iz-delcev-cveta-orhideje-4.jpg 2000w\" sizes=\"(max-width: 670px) 100vw, 670px\" \/><\/div>\n\t\t\t\t\t<div class=\"wc-block-grid__product-title\">Komplet nakita iz delcev cvetov orhideje<\/div>\n\t\t\t\t<\/a>\n\t\t\t\t<div class=\"wc-block-grid__product-price price\"><del aria-hidden=\"true\"><span class=\"woocommerce-Price-amount amount\">60,00&nbsp;<span class=\"woocommerce-Price-currencySymbol\">&euro;<\/span><\/span><\/del> <span class=\"screen-reader-text\">Izvirna cena je bila: 60,00&nbsp;&euro;.<\/span><ins aria-hidden=\"true\"><span class=\"woocommerce-Price-amount amount\">58,00&nbsp;<span class=\"woocommerce-Price-currencySymbol\">&euro;<\/span><\/span><\/ins><span class=\"screen-reader-text\">Trenutna cena je: 58,00&nbsp;&euro;.<\/span><\/div>\n\t\t\t\t\n\t\t\t\t<div class=\"wp-block-button wc-block-grid__product-add-to-cart\"><a href=\"?add-to-cart=13236\" aria-label=\"Dodaj v ko\u0161arico: &ldquo;Komplet nakita iz delcev cvetov orhideje&rdquo;\" data-quantity=\"1\" data-product_id=\"13236\" data-product_sku=\"KOMP-1\" data-price=\"58\" rel=\"nofollow\" class=\"wp-block-button__link  add_to_cart_button ajax_add_to_cart\">Dodaj v ko\u0161arico<\/a><\/div>\n\t\t\t<\/li><li class=\"wc-block-grid__product\">\n\t\t\t\t<a href=\"https:\/\/orchidleja.com\/index.php\/izdelek\/uhani-srce-z-pravo-rozo\/\" class=\"wc-block-grid__product-link\">\n\t\t\t\t\t<div class=\"wc-block-grid__product-onsale\">\n\t\t\t<span aria-hidden=\"true\">Akcija<\/span>\n\t\t\t<span class=\"screen-reader-text\">Izdelki v akciji<\/span>\n\t\t<\/div>\n\t\t\t\t\t<div class=\"wc-block-grid__product-image\"><img decoding=\"async\" width=\"670\" height=\"670\" src=\"https:\/\/orchidleja.com\/wp-content\/uploads\/2023\/02\/medaljon-orhideja-xxl-1-670x670.jpg\" class=\"attachment-woocommerce_thumbnail size-woocommerce_thumbnail\" alt=\"Klasi\u010dni medaljon z orhidejo v vijoli\u010dno roza tonih\" srcset=\"https:\/\/orchidleja.com\/wp-content\/uploads\/2023\/02\/medaljon-orhideja-xxl-1-670x670.jpg 670w, https:\/\/orchidleja.com\/wp-content\/uploads\/2023\/02\/medaljon-orhideja-xxl-1-300x300.jpg 300w, https:\/\/orchidleja.com\/wp-content\/uploads\/2023\/02\/medaljon-orhideja-xxl-1-1024x1024.jpg 1024w, https:\/\/orchidleja.com\/wp-content\/uploads\/2023\/02\/medaljon-orhideja-xxl-1-150x150.jpg 150w, https:\/\/orchidleja.com\/wp-content\/uploads\/2023\/02\/medaljon-orhideja-xxl-1-768x768.jpg 768w, https:\/\/orchidleja.com\/wp-content\/uploads\/2023\/02\/medaljon-orhideja-xxl-1-1536x1536.jpg 1536w, https:\/\/orchidleja.com\/wp-content\/uploads\/2023\/02\/medaljon-orhideja-xxl-1-130x130.jpg 130w, https:\/\/orchidleja.com\/wp-content\/uploads\/2023\/02\/medaljon-orhideja-xxl-1.jpg 2000w\" sizes=\"(max-width: 670px) 100vw, 670px\" \/><\/div>\n\t\t\t\t\t<div class=\"wc-block-grid__product-title\">Klasi\u010dni medaljon z orhidejo v vijoli\u010dno roza tonih<\/div>\n\t\t\t\t<\/a>\n\t\t\t\t<div class=\"wc-block-grid__product-price price\"><del aria-hidden=\"true\"><span class=\"woocommerce-Price-amount amount\">52,00&nbsp;<span class=\"woocommerce-Price-currencySymbol\">&euro;<\/span><\/span><\/del> <span class=\"screen-reader-text\">Izvirna cena je bila: 52,00&nbsp;&euro;.<\/span><ins aria-hidden=\"true\"><span class=\"woocommerce-Price-amount amount\">48,00&nbsp;<span class=\"woocommerce-Price-currencySymbol\">&euro;<\/span><\/span><\/ins><span class=\"screen-reader-text\">Trenutna cena je: 48,00&nbsp;&euro;.<\/span><\/div>\n\t\t\t\t\n\t\t\t\t<div class=\"wp-block-button wc-block-grid__product-add-to-cart\"><a href=\"?add-to-cart=12519\" aria-label=\"Dodaj v ko\u0161arico: &ldquo;Klasi\u010dni medaljon z orhidejo v vijoli\u010dno roza tonih&rdquo;\" data-quantity=\"1\" data-product_id=\"12519\" data-product_sku=\"OBES-1\" data-price=\"48\" rel=\"nofollow\" class=\"wp-block-button__link  add_to_cart_button ajax_add_to_cart\">Dodaj v ko\u0161arico<\/a><\/div>\n\t\t\t<\/li><\/ul><\/div>","protected":false},"excerpt":{"rendered":"","protected":false},"author":2759,"featured_media":0,"parent":0,"menu_order":0,"comment_status":"closed","ping_status":"open","template":"","meta":{"_eb_attr":"","footnotes":""},"class_list":["post-105","page","type-page","status-publish","hentry"],"_links":{"self":[{"href":"https:\/\/orchidleja.com\/index.php\/wp-json\/wp\/v2\/pages\/105","targetHints":{"allow":["GET"]}}],"collection":[{"href":"https:\/\/orchidleja.com\/index.php\/wp-json\/wp\/v2\/pages"}],"about":[{"href":"https:\/\/orchidleja.com\/index.php\/wp-json\/wp\/v2\/types\/page"}],"author":[{"embeddable":true,"href":"https:\/\/orchidleja.com\/index.php\/wp-json\/wp\/v2\/users\/2759"}],"replies":[{"embeddable":true,"href":"https:\/\/orchidleja.com\/index.php\/wp-json\/wp\/v2\/comments?post=105"}],"version-history":[{"count":1,"href":"https:\/\/orchidleja.com\/index.php\/wp-json\/wp\/v2\/pages\/105\/revisions"}],"predecessor-version":[{"id":106,"href":"https:\/\/orchidleja.com\/index.php\/wp-json\/wp\/v2\/pages\/105\/revisions\/106"}],"wp:attachment":[{"href":"https:\/\/orchidleja.com\/index.php\/wp-json\/wp\/v2\/media?parent=105"}],"curies":[{"name":"wp","href":"https:\/\/api.w.org\/{rel}","templated":true}]}}