{"id":13292,"date":"2025-04-28T20:05:44","date_gmt":"2025-04-28T18:05:44","guid":{"rendered":"https:\/\/orchidleja.com\/?post_type=product&#038;p=13292"},"modified":"2025-04-28T20:23:56","modified_gmt":"2025-04-28T18:23:56","slug":"klasicni-okrogli-uhani-v-vijolcnih-tonih-z-zlato-osnovo","status":"publish","type":"product","link":"https:\/\/orchidleja.com\/index.php\/izdelek\/klasicni-okrogli-uhani-v-vijolcnih-tonih-z-zlato-osnovo\/","title":{"rendered":"Klasi\u010dni okrogli uhani v vijol\u010dnih tonih z zlato osnovo"},"content":{"rendered":"<p>Popestrite svoj videz s klasi\u010dnimi okroglimi uhani v vijoli\u010dnih odtenkih, v katerih je ujet cvet orhideje. Ti o\u010darljivi uhani zdru\u017eujejo naravno estetiko z brez\u010dasno eleganco, zaradi \u010desar so idealni tako za vsakdanje no\u0161enje kot za posebne prilo\u017enosti.<\/p>\n<ul>\n<li><strong>Velikost<\/strong>: Premer uhanov je 10 mm, kar omogo\u010da subtilen, a prepoznaven modni dodatek.<\/li>\n<li><strong>Material<\/strong>: Izdelani iz nerjave\u010dega jekla v zlati barvi, ki je hipoalergeno in primerno za ob\u010dutljivo ko\u017eo, ter ekolo\u0161ke smole, ki poudari unikatno lepoto naravnih cvetov.<\/li>\n<\/ul>\n<p>S svojim edinstvenim dizajnom so uhani popoln izbor za vse, ki \u017eelijo izraziti svojo ljubezen do narave in elegance, obenem pa predstavljajo izvrstno izbiro za darilo ob posebnih trenutkih.<\/p>\n","protected":false},"excerpt":{"rendered":"<p>Popestrite svoj videz s klasi\u010dnimi okroglimi uhani v vijoli\u010dnih odtenkih, v katerih je ujet cvet orhideje. Ti o\u010darljivi uhani zdru\u017eujejo naravno estetiko z brez\u010dasno eleganco, zaradi \u010desar so idealni tako za vsakdanje no\u0161enje kot za posebne prilo\u017enosti. Velikost: Premer uhanov je 10 mm, kar omogo\u010da subtilen, a prepoznaven modni dodatek. Material: Izdelani iz nerjave\u010dega jekla [&hellip;]<\/p>\n","protected":false},"featured_media":13293,"comment_status":"open","ping_status":"closed","template":"","meta":{"_eb_attr":""},"product_cat":[198],"product_tag":[],"class_list":{"0":"post-13292","1":"product","2":"type-product","3":"status-publish","4":"has-post-thumbnail","6":"product_brand-lilalom","7":"product_cat-klasicni-uhani","9":"first","10":"instock","11":"sold-individually","12":"purchasable","13":"product-type-simple"},"_links":{"self":[{"href":"https:\/\/orchidleja.com\/index.php\/wp-json\/wp\/v2\/product\/13292","targetHints":{"allow":["GET"]}}],"collection":[{"href":"https:\/\/orchidleja.com\/index.php\/wp-json\/wp\/v2\/product"}],"about":[{"href":"https:\/\/orchidleja.com\/index.php\/wp-json\/wp\/v2\/types\/product"}],"replies":[{"embeddable":true,"href":"https:\/\/orchidleja.com\/index.php\/wp-json\/wp\/v2\/comments?post=13292"}],"wp:featuredmedia":[{"embeddable":true,"href":"https:\/\/orchidleja.com\/index.php\/wp-json\/wp\/v2\/media\/13293"}],"wp:attachment":[{"href":"https:\/\/orchidleja.com\/index.php\/wp-json\/wp\/v2\/media?parent=13292"}],"wp:term":[{"taxonomy":"product_cat","embeddable":true,"href":"https:\/\/orchidleja.com\/index.php\/wp-json\/wp\/v2\/product_cat?post=13292"},{"taxonomy":"product_tag","embeddable":true,"href":"https:\/\/orchidleja.com\/index.php\/wp-json\/wp\/v2\/product_tag?post=13292"}],"curies":[{"name":"wp","href":"https:\/\/api.w.org\/{rel}","templated":true}]}}