{"id":13339,"date":"2025-05-04T15:45:18","date_gmt":"2025-05-04T13:45:18","guid":{"rendered":"https:\/\/orchidleja.com\/?post_type=product&#038;p=13339"},"modified":"2025-05-04T15:59:09","modified_gmt":"2025-05-04T13:59:09","slug":"veliki-prstan-v-svetlo-zeleni-barvi-z-mozaikom-orhidej","status":"publish","type":"product","link":"https:\/\/orchidleja.com\/index.php\/izdelek\/veliki-prstan-v-svetlo-zeleni-barvi-z-mozaikom-orhidej\/","title":{"rendered":"Veliki prstan v svetlo zeleni barvi z mozaikom orhidej"},"content":{"rendered":"<p>Ta edinstven prstan zdru\u017euje <strong>naravno lepoto cvetov orhideje<\/strong> z modernim dizajnom v <strong>svetlo zeleni<\/strong> barvi. <strong>Mozaik cvetnih delcev<\/strong> ustvarja prefinjen, umetni\u0161ki u\u010dinek, medtem ko <strong>nerjave\u010de jeklo v srebrni barvi<\/strong> zagotavlja dolgotrajno kakovost in odpornost.<\/p>\n<ul>\n<li><strong>Material:<\/strong> nerjave\u010de jeklo v srebrni barvi \u2013 hipoalergen in trpe\u017een<\/li>\n<li><strong>Velikost okrasa:<\/strong> pribli\u017eno 20 mm \u2013 prepoznaven, a eleganten dizajn<\/li>\n<li><strong>Prilagodljiv premer prstana:<\/strong> od 18 mm do 25 mm ali ve\u010d, z mo\u017enostjo raztezanja<\/li>\n<li><strong>Barva:<\/strong> svetlo zelena, ki prina\u0161a sve\u017eino in naravni pridih<\/li>\n<\/ul>\n<p>Odli\u010den dodatek za tiste, ki cenijo <strong>unikaten nakit s pridihom narave<\/strong>. Ta prstan zdru\u017euje <strong>izstopajo\u010d, a sofisticiran dizajn<\/strong>, ki dopolnjuje vsak slog.<\/p>\n","protected":false},"excerpt":{"rendered":"<p>Ta edinstven prstan zdru\u017euje naravno lepoto cvetov orhideje z modernim dizajnom v svetlo zeleni barvi. Mozaik cvetnih delcev ustvarja prefinjen, umetni\u0161ki u\u010dinek, medtem ko nerjave\u010de jeklo v srebrni barvi zagotavlja dolgotrajno kakovost in odpornost. Material: nerjave\u010de jeklo v srebrni barvi \u2013 hipoalergen in trpe\u017een Velikost okrasa: pribli\u017eno 20 mm \u2013 prepoznaven, a eleganten dizajn Prilagodljiv [&hellip;]<\/p>\n","protected":false},"featured_media":13341,"comment_status":"open","ping_status":"closed","template":"","meta":{"_eb_attr":""},"product_cat":[25],"product_tag":[],"class_list":{"0":"post-13339","1":"product","2":"type-product","3":"status-publish","4":"has-post-thumbnail","6":"product_brand-lilalom","7":"product_cat-prstani","9":"first","10":"instock","11":"sold-individually","12":"purchasable","13":"product-type-simple"},"_links":{"self":[{"href":"https:\/\/orchidleja.com\/index.php\/wp-json\/wp\/v2\/product\/13339","targetHints":{"allow":["GET"]}}],"collection":[{"href":"https:\/\/orchidleja.com\/index.php\/wp-json\/wp\/v2\/product"}],"about":[{"href":"https:\/\/orchidleja.com\/index.php\/wp-json\/wp\/v2\/types\/product"}],"replies":[{"embeddable":true,"href":"https:\/\/orchidleja.com\/index.php\/wp-json\/wp\/v2\/comments?post=13339"}],"wp:featuredmedia":[{"embeddable":true,"href":"https:\/\/orchidleja.com\/index.php\/wp-json\/wp\/v2\/media\/13341"}],"wp:attachment":[{"href":"https:\/\/orchidleja.com\/index.php\/wp-json\/wp\/v2\/media?parent=13339"}],"wp:term":[{"taxonomy":"product_cat","embeddable":true,"href":"https:\/\/orchidleja.com\/index.php\/wp-json\/wp\/v2\/product_cat?post=13339"},{"taxonomy":"product_tag","embeddable":true,"href":"https:\/\/orchidleja.com\/index.php\/wp-json\/wp\/v2\/product_tag?post=13339"}],"curies":[{"name":"wp","href":"https:\/\/api.w.org\/{rel}","templated":true}]}}